 18. Let f be i(-9). Does 11 divide 47 - 0 - (-6 - f)?
True
Suppose -10 = 2*f, 0 = 4*z + z - f - 685. Does 17 divide z?
True
Suppose -2*j = 10, -h + j = 2*j - 11. Is h a multiple of 16?
True
Let g(w) = 2*w + 1. Let s be g(2). Suppose s*c = -4*b - 0*b + 18, 21 = 3*c - b. Suppose 0*x = x - c. Is x a multiple of 5?
False
Let c = 316 + -116. Is 40 a factor of c?
True
Let l(w) = 3*w**2 + 11*w - 2. Let c(h) = h**2 + 4*h - 1. Let i(r) = -8*c(r) + 3*l(r). Is i(3) a multiple of 8?
False
Suppose -2*s = -2, -5*l - 65 = -2*s - 213. Suppose 3*d - l = -2*d. Is 5 a factor of d?
False
Does 16 divide (-3 - 2/(-6))*-6?
True
Suppose 1 = u, -u = -5*o + 2*u + 17. Suppose 2*g = -o, 3*r = -0*g - 4*g + 22. Is 2 a factor of r?
True
Suppose -3*h - 4*j = -6, -h - 1 = 5*j - 3. Let v be h*(-2)/(-1)*-3. Is (-2)/(-8) + (-21)/v even?
True
Suppose -32 = -11*t + 7*t. Let r = -4 + t. Suppose 82 = 3*o + r*m, 0 = -o - m + 31 - 4. Does 7 divide o?
False
Let k = -16 + 69. Does 13 divide k?
False
Let i(v) be the third derivative of v**3 - 5/24*v**4 - 1/120*v**6 + 0*v + 1/10*v**5 + 0 + 3*v**2. Does 6 divide i(5)?
True
Suppose -44 = w - 284. Is w a multiple of 30?
True
Suppose -3*x + 5*i = 380 - 1561, -2*x - 4*i = -758. Is x/11 + (-4)/22 a multiple of 13?
False
Suppose 5*c + 3*c - 144 = 0. Is 8 a factor of c?
False
Suppose -492 + 77 = -5*r. Suppose 4*s = -s - 295. Let l = s + r. Is 12 a factor of l?
True
Let g = -608 + 906. Is g a multiple of 18?
False
Let t be (5 - -1)/(9/(-6)). Is 6 a factor of 196/16 - (-1)/t?
True
Does 11 divide 794/9 + ((-33)/27 - -1)?
True
Suppose 3*x + 11 = -25. Let l = x + 8. Let o(w) = -10*w - 6. Does 17 divide o(l)?
True
Suppose -2*r + 2*j = r - 251, -2*r + 5*j + 160 = 0. Does 9 divide r?
False
Suppose 2*r = 4*y + 54, -15 = 3*y - y - 5*r. Let w = y - -29. Let x(p) = -p**2 + 13*p + 20. Is 6 a factor of x(w)?
True
Suppose -4*k = -3*a + 91, 4*a - 113 = -k - 2*k. Does 7 divide a?
False
Let u(w) = w - 3. Let m be u(7). Suppose -3*t + 13 = m*k - 23, 77 = 5*t + k. Is t a multiple of 7?
False
Let t = 8 + -5. Suppose 5*s - 3*d = 82, 7*s - 54 = 4*s - 3*d. Is s - 3/((-3)/t) a multiple of 8?
False
Is (-5)/(-10) - 78/(-4) a multiple of 20?
True
Is (-92)/(-28) + 2 + 4/(-14) even?
False
Let b(t) be the first derivative of 2*t + t - 2*t + 2 + 8*t**2. Is 13 a factor of b(1)?
False
Is 7 a factor of ((-4)/8)/(1/(-28))?
True
Let f = 56 + -34. Is f a multiple of 4?
False
Suppose 4*n + n = -75. Is 20 a factor of 398/10 - 3/n?
True
Suppose -2*j = -5*x + 137, -3*x - 97 = 4*j - 2*j. Is 19 a factor of ((-27)/(-4))/((-7)/j)?
False
Let o = 29 + 96. Is o a multiple of 25?
True
Suppose 0 = 4*n + 5*g - 102, -4*n + 131 = g + 21. Is 5 a factor of n?
False
Suppose 3*c + 5*m - 3 + 6 = 0, 0 = 3*m. Let i = c + 4. Does 3 divide 3*8/i + -2?
True
Suppose 0 = 2*g, g = r + 4 - 315. Let c = r + -31. Suppose -3*o - c = -t - 4*t, 3*o - 74 = -t. Is 15 a factor of t?
False
Let t(h) = h**2 + 2*h - 3. Let k be t(2). Let j(l) = 2*l + 9. Let i(r) = r + 4. Let p(w) = k*i(w) - 2*j(w). Does 5 divide p(8)?
True
Let h = -2 - -9. Is h even?
False
Let b = 10 + 0. Suppose -5*n + b*n = 110. Is n a multiple of 11?
True
Let z(d) = d**3 + 10*d**2 + 3. Let w be z(-10). Suppose 0 = -w*b + 27 + 36. Does 7 divide b?
True
Does 17 divide (-1 - 1/(-3))*-51?
True
Let x be (-1 - -53)*(-5)/(-4). Suppose -b = 2*q - 6 - 8, -3*q = 2*b - 23. Suppose b*v - 11 = x. Is v a multiple of 14?
False
Suppose -4*f + 44 = -4*s, 4 - 33 = 4*s - f. Let q = s + 8. Is 5 a factor of q/(-3) + 20/3?
False
Let m(d) = -d + 5*d - 2*d**3 + 3*d**3 - 7*d**2. Is 14 a factor of m(7)?
True
Suppose -3*i - 16 = -7, i - 12 = 3*f. Let j(h) = -10*h + 5. Does 12 divide j(f)?
False
Let t(o) = 160*o - 3. Is 20 a factor of t(1)?
False
Let n = 22 + -18. Let s(q) = 13*q**2 - 11*q + 9. Let g(w) = -7*w**2 + 6*w - 5. Let j(b) = 11*g(b) + 6*s(b). Is j(n) a multiple of 9?
False
Let w(j) = 2*j**3 + j + 0*j + j - j. Let x(p) = -p. Let y be x(-2). Is w(y) a multiple of 14?
False
Let q(z) = 56*z - 7. Does 5 divide q(1)?
False
Let i(g) = g**2 + 10*g + 5. Let h be i(-10). Let z(k) = k**3 - 4*k**2 - 3*k. Let n be z(h). Does 4 divide 144/n + 6/(-15)?
False
Let s(r) = -5 + 6 + 9 + r. Let l be s(-6). Suppose -8*i + l*i = -56. Does 7 divide i?
True
Suppose s - 5*x + 14 = 125, 3*x = 9. Is s a multiple of 42?
True
Suppose -6*a + 2*a = -160. Suppose -a = 7*z - 12*z. Is z a multiple of 4?
True
Let x = -2 - -2. Let j be 1 + x + -2 + -3. Let p(n) = 2*n**2 - 2*n - 4. Is 12 a factor of p(j)?
True
Suppose 0 = -4*f + 3 + 53. Suppose -f = u + 4*k, -52 + 3 = -4*u + 5*k. Is 3 a factor of u?
True
Does 23 divide 2/(12/1271) - (-4)/24?
False
Let j = -32 - -50. Does 3 divide j?
True
Let l(z) = -2*z + 0*z + 2*z + z - 5. Does 4 divide l(9)?
True
Let c = -11 + 16. Suppose -c*u + 41 = -44. Is 16 a factor of u?
False
Suppose -4*w - r + 189 = -2*r, 3*w - 153 = 3*r. Does 4 divide w?
False
Let v(c) = c + 4. Let n be v(-4). Suppose -2*f + 4*f - 22 = n. Suppose -53 = -5*s + 4*x + f, 2*x + 2 = 0. Is 10 a factor of s?
False
Let g = 39 - 21. Let d = g + -9. Let t = -7 + d. Is t even?
True
Let p(w) = 2 + 0 - w**2 + 7*w + 3*w. Suppose -3 = c - 9. Does 13 divide p(c)?
True
Suppose 5*p + 53 + 63 = 3*m, -5*m + 2*p = -187. Suppose d - 1 = 0, 3*a - m = -3*d - d. Let k = a - 3. Is 4 a factor of k?
True
Is (231/(-22))/(1/(-4)) a multiple of 7?
True
Suppose -2*x = -1 - 7. Let k be (x/(-12))/((-1)/9). Suppose -k*g - 2*g + 55 = 0. Is g a multiple of 11?
True
Is (108/(-90))/(4/(-10)) a multiple of 2?
False
Let r(j) = 3*j**2 - 8*j + 8. Is r(6) a multiple of 15?
False
Let t(d) = 2*d - 5. Let k(x) = -x**3 - 5*x**2 + 4. Let w be k(-4). Let o = 19 + w. Is 8 a factor of t(o)?
False
Let a(p) = 4*p**2 + 14*p + 6. Does 13 divide a(-6)?
False
Let u(m) = -m**2 + 6*m + 3. Let q be u(6). Suppose 29 = q*k + 2. Is k a multiple of 9?
True
Let k(p) = -p**3 - 3*p**2 - 3*p. Suppose -4*x = 3*a + 78, -2*x = x. Let d be a/10 + 6/(-15). Is k(d) a multiple of 4?
False
Suppose -r - 2 + 7 = 0. Suppose -4*y + 96 = r*a - a, 2*a - 4*y - 72 = 0. Is 13 a factor of a?
False
Let z = 180 + -110. Does 14 divide z?
True
Let b = -4 + 3. Let f = b - -4. Suppose -q + f + 2 = 0. Does 2 divide q?
False
Suppose 4*l = -3 + 15. Suppose 0 = -l*w + 6*k - 2*k + 44, -2*w + 2*k = -28. Is w a multiple of 12?
True
Suppose 15*p - 214 - 926 = 0. Is p a multiple of 17?
False
Suppose -4*z + 4 = -0. Is 1 - (0 - z) - -2 even?
True
Let o be 3819/12 - 2/8. Is 6 a factor of o/27 + (-2)/(-9)?
True
Let p = 3 + -1. Suppose 45 = 3*w + 3*h, h = -p*w - 3*h + 26. Is 9 a factor of w?
False
Let y = 114 - 45. Is y a multiple of 23?
True
Suppose -3*d = -4*d - 4. Let j be (3 + -2)*(d - 3). Let k(w) = -w**3 - 6*w**2 + w - 6. Is 18 a factor of k(j)?
True
Let h(d) = -d**3 - 4*d**2 + d + 3. Let a be h(-4). Let c(w) = -149*w**3 + 2*w**2 + w. Let t be c(a). Suppose 3*m = -2*m + t. Is 15 a factor of m?
True
Let b(s) = 11*s - 2. Let x(m) = -m + 11. Let c be x(10). Is 3 a factor of b(c)?
True
Suppose -5 + 0 = -z. Suppose 4*m - 7 = -w, -z*w - 2*m + 20 = 3*m. Does 13 divide (-127)/(-5) - w/(-5)?
True
Suppose -4*x = 1 + 7, -5*j + 2*x = 186. Suppose 5*s + 0*s + 110 = 0. Let d = s - j. Does 8 divide d?
True
Let y(o) be the second derivative of 35*o**3/6 - 2*o**2 + 7*o. Is 26 a factor of y(2)?
False
Let o(j) = -j**3 - 23*j**2 - 45*j - 34. Is 29 a factor of o(-21)?
True
Let v(h) = h**2 + 11*h - 8. Does 12 divide v(-14)?
False
Suppose 2*u = -u - 30. Let p be ((-6)/5)/(3/u). Let s(k) = k**2 - 3*k + 3. Is s(p) a multiple of 6?
False
Suppose -4*g = -6*g. Let x = 12 + g. Is x a multiple of 2?
True
Suppose 2*q = q + 20. Does 13 divide q?
False
Suppose 0 = -3*k - 5*q, -k + 3*k - 4*q - 22 = 0. Suppose -2*u + 4*l = -364, 6*u - k*l = u + 915. Is 9 a factor of (-2)/3 - u/(-6)?
False
Let b = -45 - -86. Is b a multiple of 28?
False
Suppose -33*w = -36*w + 129. Is 43 a factor of w?
True
Let c = 27 + -19. Suppose -40 = -c*s + 4*s. Is 5 a factor of s?
True
Suppose -5*s + 5*v = -350, 8*v = -3*s + 3*v + 226. Is s a multiple of 12?
True
Suppose 0 = 5*h - 227 + 52. Is h a multiple of 3?
False
Let k(o) = -o**3 - 8*o**2 - 7. Let q be k(-8). Let s(v) = -10*v - 7. Let w be s(q). Suppose -w = -3*z + 93. Is 18 a factor of z?
False
Suppose -84 = -5*c + 166. Is 15 a factor of c?
False
Suppose -101 = y - 2*g, 0*y - 5*g = 3*y + 303. Let v =